e of -99 - (42 - 110) - -38 - ((2 - 1) + 123)?
-117
What is the value of (-203 - -194) + (-4 + 5 - 5) + 76?
63
Calculate 47 + -65 + (-57 - -108).
33
Calculate -11 + -156 + 113 - -16.
-38
Evaluate 15 - 33 - (19 + -62) - 8.
17
-197 + 166 + 37 - (2 + -1 - -79)
-74
What is 53 + (54 - (47 - -123))?
-63
-51 + (83 - (29 + -7))
10
Evaluate (-36 - -35 - 24) + (-6 - 7).
-38
Calculate -37 + 102 + (30 - 35).
60
(-4 - -1) + 14 - (-22 - -38 - 10 - 11)
16
-97 + 84 + (-30 - -12) - 12
-43
Evaluate ((6 - 13) + 51 - (15 - 8 - 0)) + -12.
25
Evaluate -10 + (5 - -43 - 12 - 3).
23
Evaluate 51 - (51 - (156 + -92)).
64
What is the value of (-1 + 0 - -22) + (-3067 - -3010)?
-36
What is the value of 25 + -28 + 2 + (-5 - 16)?
-22
2 - (-31 + (-38 - (-148 - -35)))
-42
What is (-52 - (-72 + -48)) + -18?
50
(67 - -146 - 96) + (-28 - -2)
91
What is (-14 - -21) + (9 - (-21 - -23 - 15))?
29
What is -50 + (30 - -16) + 8?
4
What is -50 - (1 + -15 - (-62 - (-108 + 59)))?
-49
(106 + -34 - 67) + 27
32
-14 - (6 + (-37 + 3 - -15) - -86) - 3
-90
What is 10 + -78 + -2 + -4 - -6 - -11?
-57
0 + -11 + (6 - -1 - (-347 + 356))
-13
122 + -96 - ((-53 - -2) + 15)
62
Evaluate 0 - 11 - (-8 + (-85 - -102)).
-20
Calculate -52 + -16 + 41 - 0.
-27
(0 - 109) + -37 + 51 + -62 + 48
-109
What is the value of 71 - (-33 + 84 + 46)?
-26
Calculate -30 + (18 - (21 - 21)) - (-1 + 1 + -97).
85
What is the value of 7 - 80 - 10 - (8 - (15 - (31 + -13)))?
-94
Calculate -30 - ((4 - -1) + 4 + -25 + 48 + -23).
-39
What is -7 - (-19 + (20 - 33))?
25
Calculate 54 + -67 + -34 + 57.
10
Calculate (2 + -11 - -6) + 93 + -34 + -9 + 0.
47
What is the value of 21 + -38 + 36 - (79 + -98)?
38
(-13 - -24) + (5 - 10 - 3) + -62
-59
What is 6 + -12 + (20 - 49 - -41 - (89 + 0))?
-83
(1 - 43) + (77 - 36)
-1
What is the value of 11 + -7 + 6 + (-18 - 6 - 3)?
-17
What is -2 + 2 - -2 - (20 - (9 + -1 - -61))?
51
Calculate (3 - -5) + -17 + 11 + -11 + 11.
2
What is -7 + 108 - (-78 + 244)?
-65
Evaluate 114 - ((34 - -138) + -111).
53
Evaluate 47 + -17 + (22 - 22) + 5.
35
What is the value of (32 + -36 - (1 - 4)) + 5 + 2 + -18?
-12
Calculate -19 + (11 - 1 - -11) + (12 - -22).
36
Calculate -2 + -1 + -7 + 9 + 3 - (73 + -20).
-51
Calculate -1 - 50 - (-9 - ((-144 - -165) + (-28 - -1))).
-48
Calculate 16 + 28 - (-9 - (-16 + -6)).
31
Evaluate 14 + -52 + 62 + -77.
-53
Calculate -2 - ((-72 + 69 - (-14 - 1)) + (3 - 4)).
-13
What is (-104 - -21) + 54 - 3?
-32
What is 75 - (-94 - -101) - -27?
95
What is (2 - -2) + -16 + (12 - -1) - -48?
49
Calculate 24 + (-18 - 48) + 15.
-27
What is (8 - (-5 + -17) - 8) + 11?
33
Calculate (53 - 57 - (7 - (-2 - 8))) + 0 + 2.
-19
Evaluate (-41 - (2 - 1)) + (6 + -11 + 38 - 24).
-33
What is the value of 6 - ((-22 - -31 - (-37 + 3)) + (1 - 16))?
-22
Calculate 0 - 84 - (-1205 + 1159).
-38
-2 + 3 + -6 + -22 + -7
-34
What is the value of 2 + (11 - 2) - (-24 + -90 + 103)?
22
What is (197 + -168 - (16 - -1)) + -62 + -1?
-51
What is (0 - -11) + 10 + 10 + -18 - (-1 + 25)?
-11
What is the value of (84 - 8 - (231 + -177)) + (1 - 116)?
-93
Calculate 12 + -41 + 96 + -36.
31
Evaluate -48 + -3 + 1 + 84 + -72.
-38
What is the value of -94 + 24 + -21 + 11 + -7?
-87
What is 0 - 13 - (-38 + 15 + 4)?
6
Evaluate (27 - -254) + 311 + -459.
133
What is the value of -3 + 20 + -10 + (14 - -1) + -8 - -96?
110
(6 - 94) + 125 + -35 + -67
-65
Evaluate (-24 - -82 - 101) + 32.
-11
What is (0 - ((16 - 21) + (-9 - -5))) + -47?
-38
(661 - 676) + (-61 - -1) - 10
-85
What is -42 - (130 - 10 - 54) - (10 - 0)?
-118
Calculate 13 + (-1 - -11) + -36 + (134 - 1) - -15.
135
21 + -41 - (0 - -7 - 19) - -79
71
Evaluate 57 + (0 + 12 - ((142 - 131) + 3 + -3)).
58
What is (-101 - 42) + 54 - -60?
-29
-18 - (-102 + -3 + -6) - -25
118
What is -22 + (0 + -13 - (-82 + 75) - -15)?
-13
0 - (32 - (-7 + 21 + -3))
-21
-1 + -69 - (-84 + 84) - (14 + (-2 - 3))
-79
(-17 - -68) + 65 + -86
30
Calculate 119 - 91 - (-1 - (22 - 3)).
48
-4 + 3 + 11 + -51 + 5 + 5
-31
-80 + 96 + 11 - (-6 + 129)
-96
1503 + -1511 + 5 + -2 + 29 + (0 - -1)
25
What is the value of -41 - (-48 - -22 - -21 - 0)?
-36
What is the value of (-36 - -57) + -46 - (-25 - -4)?
-4
Evaluate -7384 + 7445 + (-1 - -34).
94
8 + (-3 - 16 - (-14 + 2)) + -4
-3
What is -7 + 39 + -18 - 12?
2
Calculate 18 - 2 - (-14 + 18 + 12).
0
What is the value of -31 + (-19 - (-33 - -17 - -15))?
-49
Evaluate -20 + (11 - (32 + -13)) + 48.
20
Evaluate (-1469 - -1489) + (39 - (3 - (-5 + 8))).
59
Evaluate 1 + (2 - -137) - (25 - (-18 - -57 - 18)).
136
Evaluate (49 - (52 + (25 - 27 - 22))) + (1 - -6).
28
27 - (0 - -7 - ((7 - 15) + 20))
32
Evaluate -56 - ((23 - 1) + 32 + -37).
-73
Calculate -100 + 1 - ((-4 - (2 - 2)) + (-150 - -151)).
-96
What is the value of (-18 - -46) + (-31 - 104)?
-107
What is the value of (51 - 155) + 206 + -120?
-18
Evaluate (109 - (70 + 40)) + 1.
0
Evaluate -25 + -23 + (41 - (27 - 17)).
-17
-5 + (5 - (26 - 13)) + -6 + 0
-19
123 - -44 - 66 - 113
-12
What is the value of -1511 - -1433 - (-3 + -57)?
-18
(0 - 7) + 3245 + -3249
-11
2 + -70 + (18 - (-14 - -16)) + -18
-70
Calculate (-76 - -42) + (-17 - -26).
-25
Calculate (-21 - 12) + 8 + 60 + 40.
75
What is -2 - (1 + (-9 - -21) - 2 - -9)?
-22
Calculate (-2013 - -1863) + 60 + 0.
-90
-39 + 8 + 0 + (-116 - -98)
-49
What is the value of (3 - (-6 - -56)) + 63?
16
What is the value of (57 - -5) + (-27 - -24) + -6 + -7?
46
Evaluate -24 + (-1 - 11 - 1) + 34 + -21.
-24
What is 50 + -5 + 44 + -79?
10
Evaluate -85 - (35 - (-49 - -57)).
-112
Calculate (33 - 34 - (39 - 1)) + 312 + -323.
-50
What is (-17 + 36 + 36 - -5) + -30?
30
What is the value of (21 - (0 - 1)) + -16 + 28?
34
-25 - (80 + 71 - 61)
-115
What is the value of -31 - 36 - (4 + 1 - (-1 - -6 - -5))?
-62
What is the value of (-1 - -4) + (11 - (-4 - -12)) - (22 - -15)?
-31
Evaluate (1 - 127 - 2) + (87 - (25 + 4) - 43).
-113
Evaluate (6 - -167) + 38 + -60 - ((0 - -7) + 4).
140
Evaluate 60 + 0 + -1 + 19 + -104 + 93 + -9.
58
Evaluate (-13 - -80) + -80 - 6.
-19
What is the value of 75 - (0 - 8 - (-24 - (15 + -40 + 9)))?
75
-4 + 39 + -7 + -7 - 4
17
Evaluate 157 - (184 + 45 + -55).
-17
What is -20 + 36 + -25 + (-12 - (15 + -8 - 3))?
-25
What is the value of 0 + -51 + (31 + 22 - 12) + -30?
-40
Evaluate -1 + -2 + -35 - (-1 + -2 + 1).
-36
What is (207 + -325 - -138) + (-4 - -1) + -2?
15
(468 - 434) + 4 + (-85 - 5)
-52
Evaluate -55 - -1 - 2 - (41 - (49 - (34 - 22))).
-60
Evaluate (115 - (2 - 1)) + (-2 - 69 - (-1084 + 1019)).
108
What is the value of -10 - (-6 + 6 - (-21 - -14) - -18)?
-35
Evaluate 0 + 30 + -68 + 158 + -69.
51
Evaluate 11 - (-82 + -73) - 84.
82
Evaluate (39 - (1 + -1)) + (-18 - -15) + (0 - 7).
29
Evaluate (-1151 - -1166) + -2 + -41 + -4.
-32
Calculate 88 - 58 - 41 - (-3 + 9 + 2).
-19
What is the value of (-14 + -4 + (-5 - -18) - -18) + -64?
-51
What is the value of -16 + 24 - (13 - (5 + 4)) - -19?
23
Calculate 63 + 2 + ((-12 - (10 - 1)) + 12 - 5).
51
What is the value of -156 - -156 - (8 + -13 - (4 + -1))?
8
What is 49 + -15 + -47 - (25 + 1)?
-39
What is the value of -1 + -15 + (34 + -15 - 31) + -3?
-31
Evaluate -80 + -61 - (-82 - -11).
-70
What is -9 - (-5 - (-5 - (-10 + -3)) - 35)?
39
What is the value of 29 + (-21 - -10) - -6 - 61?
-37
Evaluate 27 + -2 - (-28 - -17) - 4.
32
Evaluate -49 + -5 + -26 + 47 + -2.
-35
(-21 - -2) + -91 + (27 - -1)
-82
Evaluate (-2 - 44 - (-680 - -698)) + (13 - 1).
-52
Evaluate -77 + 63 + 22 - (11 - (-2 - -1)).
-4
What is -14 - (8 - (9 - 13)) - -40 - (0 - -25)?
-11
What is the value of 15 + -95 - (-257 + 161)?
16
Evaluate -136 + 70 + -41 + 56.
-51
Evaluate (-58 + 86 - -34) + (3 - 16).
49
What is (64 - 77 - (-32 - -6)) + 0 + 9?
22
Calculate (-298 - -101) + 327 + 1 + -5.
126
What is the value of (40 - (12 - -19)) + (0 - 2) + -46 + 3?
-36
Evaluate -4 + (18 - (-22 - -11 - -21)) - -14.
18
Calculate 20 - 11 - -38 - (-44 + 41 - (2 - 9)).
43
(17 - 26) + -52 + 26 - (-1 + -1)
-33
Evaluate (10 + 0 - (-583 + 554)) + 1.
40
What is the value of 9 - 1 - -54 - (35 + -18)?
45
What is the value of -47 + 2 - (-39 - -22 - -43 - 23)?
-48
Calculate 23 - -1 - (148 - 95).
-29
What is the value of (-73 - (-13 - 100)) + -63?
-23
What is -50 - -3 - (12 - 23 - -11 - (15 - 9))?
-41
Calculate 1 + -90 + 192 + -186.
-83
Evaluate -13 + -17 + (33 - (10 + -16)) + -90 + -1.
-82
Evaluate 11 + -24 - (-21 - -20) - 39.
-51
-14 + 13 + -22 + 16 +